2
Calculate the greatest common factor of 22290259 and 59.
59
What is the greatest common factor of 90476785 and 28?
7
Calculate the greatest common factor of 47707 and 4136.
11
What is the highest common factor of 4124410 and 95535?
965
Calculate the greatest common divisor of 26665925 and 3575.
3575
Calculate the greatest common divisor of 318214944 and 60.
12
Calculate the greatest common divisor of 156110 and 176880.
670
Calculate the greatest common factor of 21 and 37920.
3
What is the greatest common divisor of 6719356 and 7?
7
Calculate the greatest common divisor of 44488 and 8168.
8
What is the greatest common factor of 1152699 and 133902?
519
What is the greatest common factor of 332025 and 20325?
75
What is the highest common factor of 75446735 and 455?
455
What is the greatest common factor of 156 and 30110847?
39
What is the highest common divisor of 16501 and 73401?
569
What is the highest common factor of 1676052 and 243?
81
What is the greatest common factor of 74140 and 48400?
220
Calculate the highest common factor of 711 and 13025283.
237
What is the greatest common factor of 67126635 and 5535?
1845
Calculate the highest common factor of 13674791 and 1222.
611
What is the highest common factor of 36 and 3010440?
12
Calculate the greatest common factor of 850990 and 8610.
70
Calculate the greatest common factor of 43602636 and 112.
28
Calculate the greatest common divisor of 611758 and 92118.
2362
Calculate the greatest common factor of 285 and 119955.
15
What is the highest common factor of 5080 and 782344?
8
Calculate the highest common factor of 376246 and 1573.
13
Calculate the highest common divisor of 906 and 7223538.
906
What is the highest common factor of 3029767038 and 27?
27
Calculate the highest common factor of 430445 and 2030.
5
What is the greatest common divisor of 3200 and 53467200?
1600
Calculate the highest common factor of 13024548 and 162.
18
Calculate the greatest common factor of 4036795 and 5.
5
What is the greatest common factor of 44424959 and 199?
199
Calculate the highest common factor of 1501790 and 10959265.
9505
Calculate the highest common divisor of 1533 and 49014.
21
What is the highest common factor of 2898 and 4036707?
207
What is the greatest common divisor of 4214 and 7523194?
602
Calculate the greatest common divisor of 6 and 1935150.
6
What is the greatest common divisor of 19626 and 449507362?
6542
Calculate the greatest common divisor of 546 and 40619202.
78
Calculate the highest common divisor of 20557 and 1680794.
61
What is the greatest common factor of 1394154 and 1620162?
1314
What is the greatest common factor of 592363945 and 1245?
415
Calculate the highest common divisor of 24 and 2004904.
8
What is the highest common factor of 1664 and 821236?
52
Calculate the greatest common factor of 267 and 5403.
3
Calculate the greatest common divisor of 1 and 88536027.
1
What is the greatest common divisor of 3512 and 1334056?
8
What is the greatest common factor of 175639 and 335627?
1739
Calculate the greatest common divisor of 3668 and 2134510.
14
Calculate the highest common divisor of 1846 and 926408.
142
What is the greatest common factor of 111 and 4440703?
37
Calculate the greatest common factor of 205813116 and 174.
174
What is the highest common factor of 5623628 and 4380?
292
Calculate the greatest common divisor of 15260 and 19615204.
3052
What is the highest common factor of 644109365 and 115?
115
What is the highest common factor of 23545 and 432893661?
4709
Calculate the greatest common factor of 5552232 and 12600.
168
What is the highest common factor of 145 and 24922455?
145
What is the highest common divisor of 5206 and 60121491?
2603
What is the greatest common factor of 26434902 and 975?
39
Calculate the greatest common factor of 22 and 765694.
2
What is the highest common factor of 25153 and 797?
1
What is the greatest common factor of 2135568967 and 18578?
9289
What is the highest common divisor of 51175 and 10327?
23
Calculate the greatest common divisor of 400 and 173408.
16
Calculate the greatest common factor of 154379583 and 2034.
1017
What is the highest common factor of 82890 and 24010?
10
What is the highest common factor of 2558749 and 33839?
2603
Calculate the greatest common factor of 84 and 650545.
7
Calculate the greatest common factor of 53817 and 237.
3
What is the greatest common divisor of 1707045 and 1005?
15
What is the highest common factor of 46972 and 340?
4
What is the greatest common divisor of 47103121 and 739?
739
What is the highest common divisor of 202955 and 17?
1
Calculate the highest common factor of 72653 and 224.
7
Calculate the greatest common factor of 1154334 and 459.
51
Calculate the highest common divisor of 6765 and 183165.
15
What is the highest common factor of 1098 and 25453737?
9
Calculate the highest common factor of 6437024 and 704.
352
Calculate the greatest common factor of 18 and 52736301.
9
What is the highest common divisor of 45669996 and 3726?
414
Calculate the greatest common divisor of 1360540 and 1660.
20
Calculate the highest common divisor of 5980 and 41286380.
460
What is the highest common factor of 445836 and 636?
636
Calculate the greatest common factor of 34254271 and 1643.
53
Calculate the highest common divisor of 1633 and 130853.
71
What is the highest common divisor of 622228381 and 137?
137
Calculate the highest common divisor of 8281780 and 22048.
2756
Calculate the highest common factor of 220 and 522995.
55
What is the greatest common factor of 109840 and 11280?
80
What is the greatest common divisor of 45500 and 4261600?
700
Calculate the greatest common divisor of 398412 and 19421748.
3348
Calculate the highest common divisor of 835478693 and 10955.
2191
Calculate the greatest common divisor of 2584 and 187264.
152
What is the highest common divisor of 2446500 and 322?
14
Calculate the highest common divisor of 3151392 and 12784.
272
Calculate the greatest common factor of 468 and 27824976.
36
Calculate the greatest common factor of 28128 and 45317724.
3516
Calculate the highest common divisor of 801 and 1727919.
9
Calculate the greatest common divisor of 2573895 and 9.
3
What is the highest common divisor of 699275 and 59760?
415
Calculate the highest common divisor of 378064 and 10480.
16
What is the highest common divisor of 16649094 and 1834?
14
What is the highest common divisor of 5141 and 30600784?
97
What is the highest common divisor of 100 and 51050?
50
Calculate the greatest common factor of 15552308 and 268.
268
Calculate the highest common divisor of 1428 and 2213604.
204
What is the highest common divisor of 11924 and 6934619?
271
Calculate the greatest common factor of 500823 and 15343.
229
What is the highest common divisor of 51985 and 46435?
185
What is the greatest common factor of 43750 and 18050?
50
Calculate the highest common divisor of 16988177 and 35501.
271
Calculate the greatest common divisor of 762 and 18041874.
762
Calculate the greatest common divisor of 2395314460 and 314.
314
Calculate the greatest common divisor of 10873985 and 118465.
2755
What is the greatest common divisor of 6083330 and 78010?
290
What is the greatest common divisor of 837615 and 8835?
285
Calculate the greatest common factor of 220 and 14441680.
220
What is the highest common divisor of 25 and 159570450?
25
Calculate the greatest common factor of 7756 and 598444.
28
Calculate the greatest common divisor of 5232320 and 15770.
830
Calculate the highest common divisor of 3470618 and 170.
34
Calculate the greatest common factor of 6018486 and 1073.
29
Calculate the greatest common factor of 1019977 and 3040.
19
Calculate the highest common factor of 342 and 14000625.
171
What is the greatest common divisor of 123552 and 27070956?
1188
What is the highest common factor of 5143029 and 27835?
293
Calculate the highest common divisor of 171160 and 371960.
40
What is the greatest common divisor of 1826170 and 10?
10
Calculate the highest common divisor of 18472608 and 3400.
136
Calculate the greatest common factor of 68272 and 9826.
34
Calculate the greatest common factor of 240931 and 127459.
197
What is the highest common divisor of 9600 and 31264?
32
Calculate the greatest common divisor o